est common divisor of 2 and h?
2
Let u be 0 + 0 + 71 - 1. Let p(s) = 14*s**2 - 21*s - 58. Let v be p(-3). Suppose 271 = 4*f + v. Calculate the highest common divisor of f and u.
35
Let i be (15/40*4)/((-3)/(-170)). Suppose -i = 6*o - 193. What is the highest common factor of o and 144?
18
Let v(x) = 5*x**2 - 15*x + 1. Let i be v(4). Let c be (72/(-20))/(i/(-1330)). Let z = 25 - 13. What is the greatest common divisor of c and z?
12
Let d(w) = w**3 + 11*w**2 + 7*w - 8. Let u be d(-10). Let b be 20/(-15)*852/8. Let g = 144 + b. Calculate the greatest common divisor of g and u.
2
Let c(l) = -l**2 - 16*l + 17. Let y be c(-17). Suppose -3*t = 2*t - 5*n + 50, -t + 3*n - 18 = y. Let o = t + 57. What is the highest common divisor of o and 17?
17
Suppose 0 = -5*v - 36*v + 141245. Calculate the greatest common factor of 65 and v.
65
Let s(n) = -n**3 - 22*n**2 + 20*n - 47. Let b be s(-23). Let f be (8/5)/(b/20 + -1). Calculate the highest common divisor of f and 8.
8
Let u be 504/11340 + 12238/45. What is the highest common factor of 306 and u?
34
Let o = 12522 + -668. Calculate the highest common divisor of o and 2.
2
Let n be (11/3)/((-3)/(-27)). Let t be 225/6 + (-220)/(-88). Let b = t - n. Calculate the highest common factor of 21 and b.
7
Let g(d) = 1325*d - 1323*d - 1 + 2 + 34*d**2. Let k be g(-3). What is the greatest common divisor of k and 7?
7
Let d(p) = -p + 85. Let l(x) = 2*x + 5. Let q be l(-9). Let y be d(q). What is the greatest common factor of 28 and y?
14
Let m(j) be the second derivative of j**5/10 + 17*j**4/12 + 5*j**3/6 - 15*j**2/2 - 10*j + 2. Let a be m(-8). Calculate the greatest common divisor of a and 225.
9
Let p = 76 - -234. Let b be p/(-186) + (-2789)/(-3). What is the greatest common factor of 16 and b?
16
Suppose 2*n = -0*n + 18. Suppose -4*q + 5*t = -1027, 3*t - 1273 + 91 = -5*q. Calculate the greatest common divisor of q and n.
9
Suppose 36 = 21*m - 15*m. Let l be 4*1/(-18) - (-6972)/27. Suppose 5*z - 2*z + l = 5*j, -2*z = -2*j + 100. Calculate the greatest common factor of j and m.
6
Let r = -169262 + 169271. Suppose 0*z - 72 = -z. Calculate the highest common divisor of r and z.
9
Suppose 2*h - 5*a = 44, -4*h + 68 = -4*a - a. Suppose 5*l - 60 = -i, i - 65*l - 60 = -67*l. What is the greatest common divisor of h and i?
12
Suppose -4*s - 322 = -214. Let f be (s/12 - 3)*(-8 - 8). Suppose 0*i = 2*i - 48. Calculate the greatest common factor of i and f.
12
Let t(w) = -w + 5. Suppose 2*l + 8 = -4*y, 3*y + 2*y = 20. Let n be t(l). Let m be 1226/9 - (-4)/(-18). Calculate the greatest common divisor of n and m.
17
Let j = 248 + -243. Suppose 2*g - 27*o - 45 = -24*o, 0 = -3*g + j*o + 65. What is the highest common factor of 330 and g?
30
Suppose -3*b + 66 = -2*o, -3*b + 23*o + 63 = 20*o. What is the highest common factor of b and 1784?
8
Suppose -22*r + 1337 - 369 = 0. Suppose -42*t - 510 = -r*t. Calculate the highest common divisor of 102 and t.
51
Let r be 12 + -13 + -2 + (1 - 0). Let w(t) = -237*t - 34. Let l be w(r). What is the highest common factor of l and 40?
40
Suppose 2*m + 1 = 39. Let j = 237 + -189. Suppose 3*x - j = 123. What is the greatest common factor of m and x?
19
Suppose -41*a + 45*a = 44. Suppose -5*y + 2*j = -878, y - 10*j - 173 = -7*j. What is the greatest common factor of a and y?
11
Let y be (2*(-9)/(-6))/((-7)/133). Let q be ((-142)/(-6))/(9/27). Let c = q + y. What is the highest common factor of 7 and c?
7
Let z = 3182 - 3158. Calculate the highest common factor of 3288 and z.
24
Let o = 44 - 38. Let x(g) = g - g**2 + 0 + 10*g - 18*g + 3. Let a be x(-7). Calculate the greatest common factor of a and o.
3
Suppose -5*k - 240 = 5*v, -3*k + 12 = -3*v - 102. Let u = v - -69. Calculate the highest common factor of 2 and u.
2
Let g(t) = 18*t - 12. Let k be g(2). Let i = 760 - 400. Suppose 12*w = 15*w - i. Calculate the greatest common divisor of k and w.
24
Let w = -14 + 15. Suppose z - 3*y = w, 3*y + y = -3*z + 3. Calculate the highest common divisor of 5 and z.
1
Let r = 295 + -390. Let p = 37 - r. Calculate the greatest common factor of 24 and p.
12
Let y(g) = 2176*g + 8. Let x be y(1). Calculate the greatest common divisor of x and 672.
168
Let i = 15 + -6. Let y(v) = v**2 - 27*v - 1. Let k be -8 + 1 - (-41 - -6). Let l be y(k). What is the greatest common divisor of l and i?
9
Let l(a) = -11*a**3 + 6*a + 2*a**3 + 4 - 12*a**3 - 2*a**3 + 2*a**2. Let d be l(-2). Calculate the greatest common divisor of d and 8.
8
Let s be ((-92)/5)/(16*(-13)/520). Calculate the greatest common divisor of s and 23.
23
Let c be 28/(-6) + (-3)/9 + 25. Calculate the highest common factor of 1232 and c.
4
Let s be 9 + (-5 - 43)/8. Let c be 15/(s - (-42)/(-15)). What is the highest common divisor of c and 120?
15
Suppose 5*n = 4*z - 1, 4*z - n + 49 = -6*n. Let w be 3/27*z*39/(-2). Suppose -w*c + 182 = -11*c. Calculate the greatest common factor of c and 7.
7
Let v be 6790/378 + 6/162. What is the highest common factor of 822 and v?
6
Let m = -1487 + 1925. What is the greatest common divisor of 21 and m?
3
Suppose -36*s = 23*s + 10*s - 2484. Let k be 65/7 - (19/(-7) - -3). Calculate the highest common divisor of s and k.
9
Suppose -23*x = 6*x - 1253 - 2633. Calculate the highest common divisor of 1809 and x.
67
Suppose -2705 = -19*o + 2083. Suppose 0 = n - 1 - 1. Let i be n/(-12) - 2028/(-72). Calculate the greatest common factor of i and o.
28
Let f be (-2)/(-3*14/672). What is the highest common factor of f and 72?
8
Let b(z) = -635*z - 453. Let o be b(-1). What is the greatest common divisor of 247 and o?
13
Let u = 0 - -9. Let m(l) = -l**2 - 31*l + 22. Let h be m(-19). Let z = h + -169. What is the greatest common factor of z and u?
9
Let t = -69 + 71. Let g(b) = -5 + 27*b - 3*b + 0 + t*b. Let f be g(10). Calculate the highest common factor of 15 and f.
15
Let m(b) = -b**2 + 13*b - 19. Let g be 14 + -2 + (4/(-2) - 2). Let v be m(g). Let p be (v/(-4))/((-9)/24) - -3. What is the greatest common divisor of p and 17?
17
Suppose -5*b + 350 = 5*b. Let d(u) = -u**3 - 10*u**2 + u + 9. Let h be d(-10). Let y be (28/16)/(h/(-20)). What is the highest common factor of b and y?
35
Let v(l) = 6 + 35 - 17 - 5*l. Let x be v(-8). Calculate the highest common factor of 8 and x.
8
Suppose -38*d + 33*d + 27583 = -3*x, -4*x = 4. What is the highest common factor of d and 56?
28
Let p(o) = 51*o**2 + 8*o + 9. Let y be p(-4). Let g be (-103)/(-13) + 61/y. What is the greatest common factor of g and 44?
4
Let f = 216 + -201. Suppose 3*l + 27 = m, f*m - 4*l = 20*m - 59. What is the highest common factor of m and 25?
5
Let w = 22965 + -20627. Calculate the highest common factor of 84 and w.
14
Suppose b + 370 = -2*w + 1984, -2*w + 5*b + 1566 = 0. What is the highest common divisor of 187 and w?
11
Let f(o) = -290*o + 4364. Let w be f(13). Calculate the highest common divisor of 286 and w.
22
Let r be 36/(-42)*28/(-3). Let h(d) = 4*d - 6. Let c be h(r). Let o(t) = 2*t - 1. Let a be o(7). What is the greatest common divisor of c and a?
13
Let n(k) = k**3 - 16*k**2 - 26*k - 45. Let h be n(18). Let i = -60 + 87. Calculate the greatest common factor of i and h.
27
Let g be (5 + 2)*6/7. Let x = -145 - -148. Suppose -s = -x*p - 47, 37 = s + p - g. Calculate the highest common factor of s and 22.
22
Let w(v) = -17*v + 222. Let u be w(12). Let y(d) = -14 + 0*d - 4 - 26 + 3*d. Let k be y(u). Calculate the highest common divisor of 25 and k.
5
Let y = 159 - -855. Calculate the highest common divisor of y and 6.
6
Let x = -683 + 294. Let c = x - -463. Calculate the greatest common divisor of 74 and c.
74
Let s(w) = w**2 + 1. Let i(y) = -y**3 - 19*y**2 - 21*y - 49. Let l(a) = i(a) + 3*s(a). Let m be l(-15). Calculate the highest common factor of m and 22.
22
Let z(q) = 31*q + 17. Let y(x) = -x**2 + 4*x + 7. Let v be (-2)/(-7) - -39*6/63. Let t be y(v). Let i be z(t). What is the greatest common factor of 18 and i?
18
Suppose 5*l + 1528 = y, -5*y - 5*l + 3313 = -4177. What is the greatest common divisor of y and 27?
9
Let i = -7279 - -11530. Calculate the highest common divisor of 39 and i.
39
Let f be 50600/124 + (-7 - (-3225)/465). What is the greatest common factor of 4114 and f?
34
Suppose 63 = 40*t - 33*t. Suppose 2*g - 14 = -v, -t*g + 10*g + 2*v - 7 = 0. 